f p?
3
What is the tens digit of -32057*425/170*2*2/(-10)?
5
Suppose -1913 - 13399 = -18*j + 6522. What is the units digit of j?
3
Let a(s) = 4*s**2 + 24*s + 2. Let x be a(-10). Suppose -z = -o - 467, -o = -5*z + 2513 - x. What is the hundreds digit of z?
4
Let u = 2540 - 1791. Suppose -3*d = 5*p - 470, -114 = 4*d + 5*p - u. Let m = 319 - d. What is the tens digit of m?
5
Let j(v) = 42*v + 53. Let o be j(-1). Let g(d) = d**3 + 5*d**2 - 15*d + 5. What is the tens digit of g(o)?
7
Let z(q) be the third derivative of 0 + 1/10*q**5 + 0*q - 13/3*q**3 + 7/24*q**4 - 28*q**2. What is the tens digit of z(5)?
5
Suppose 0 = -2*x - 2*q + 84550, 0 = x + 4*q - 27631 - 14626. What is the ten thousands digit of x?
4
What is the hundreds digit of (-852)/71 - (3 - 3568)?
5
Let n be 10/6*(0 - -2 - -1). Suppose 0 = 2*f - 3*q - 2037, f = 3*q - n*q + 1036. Suppose 5*t + f = 14*t. What is the tens digit of t?
1
Let k = 58537 + -34743. What is the hundreds digit of k?
7
Let t(m) = -m**2 + 23*m - 44. Let v be t(21). Let d = v - -6. Suppose -26 = d*o - 98. What is the units digit of o?
8
Let a(h) be the second derivative of h**4/12 - 2*h**3/3 + 4*h**2 + 17*h + 4. What is the tens digit of a(-22)?
8
Suppose -2*d = d - 111. Let v = d - 37. Suppose v = 7*i - 4*i - 342. What is the tens digit of i?
1
What is the thousands digit of 1165/1398 + (-115981)/(-6)?
9
Suppose 0 = 7*q - 2298 - 6319. Suppose -2*g + t = -5*g + q, 2*t + 401 = g. What is the hundreds digit of g?
4
Let h be 1/(((-2 - -3) + 0)*1). Let r be (h + 0 + -4)/((-52)/312). Suppose 130 = -13*b + r*b. What is the units digit of b?
6
Let w(i) = 24*i**3 + 9*i**2 + 67*i + 23. What is the thousands digit of w(8)?
3
Let b(y) = 13*y**2 + 15*y - 10. Suppose -53 = 9*r - 8. What is the hundreds digit of b(r)?
2
Let f = -8186 - -12504. What is the hundreds digit of f?
3
Suppose -84*q = -86*q - 5*m + 49075, -4*m - 24518 = -q. What is the ten thousands digit of q?
2
Let s = 185 + -260. Let y = -36 - s. What is the tens digit of y?
3
Let t be (2 + 319)/(-7 - -8). Let c(o) = 31*o - 2. Let v be c(-7). Let n = v + t. What is the units digit of n?
2
Suppose 25*j + 34 = 8*j. What is the thousands digit of (j + 0)*5/(-50)*5615?
1
Suppose 40*w + 69561 = 302761. What is the hundreds digit of w?
8
Suppose -s + 0*s = -0*s. Suppose -4*u = 5*r - 290, u = -s*r + r + 68. What is the tens digit of u?
7
Suppose 3 = -h, -128*n + 45420 = -125*n + 2*h. What is the units digit of n?
2
Suppose -149*k + 152*k - 918 = 0. Suppose 113*j = 111*j + k. What is the units digit of j?
3
Suppose 72*z - 309049 + 7036 = 49*z. What is the hundreds digit of z?
1
What is the units digit of (-86 - -78)/(3/(-8874))?
4
Let c(z) be the second derivative of z**5/20 + 25*z**4/12 - 64*z**3/3 + 29*z**2 - 2*z - 168. What is the units digit of c(-28)?
0
Let k be (-158 - 0)/(10 + (-2 - 7)). Let w = k - -578. What is the units digit of w?
0
Let q(l) = 2*l + 1. Let c(g) = -79*g - 13. Let f(o) = -79*o - 12. Let n(r) = -3*c(r) + 4*f(r). Let i(b) = n(b) + 6*q(b). What is the hundreds digit of i(-3)?
1
Suppose 2*n = -l + 2 - 0, -4*n - 6 = -3*l. Suppose r + 0*r + 13 = n. Let i(u) = -u**2 - 16*u + 22. What is the tens digit of i(r)?
6
Let v be 30/35*84/9. Suppose -13*z = -v*z - 1705. What is the tens digit of z?
4
Let i(j) = -3050*j + 1419. What is the tens digit of i(-6)?
1
Suppose -38*y = -32*y + 1302. Let l = y + 1025. What is the units digit of l?
8
Let a(p) = 33*p - 101. Let c be a(3). What is the units digit of (-314 + 1)/(c/6)?
9
Let j = 9766 - 3784. What is the tens digit of j?
8
Suppose 0 = -10*x - 19*x + 638. What is the hundreds digit of ((-4)/x + 39370/(-55))*-1?
7
Suppose 260*x - 31*x = 15271552. What is the thousands digit of x?
6
Let q(i) = 2313*i + 2219. What is the ten thousands digit of q(4)?
1
Suppose 5*l + c + 33 = 0, 10*l - 5*l - 4*c = -18. What is the hundreds digit of ((-592)/(-28))/(l/(-42))?
1
Let z be (-24)/156 + (-448194)/(-39). Suppose z = -30*f + 44822. What is the thousands digit of f?
1
Let l(m) be the third derivative of -m**6/120 - m**5/12 + m**4/2 - 3*m**3/2 + m**2. Let w = 228 + -235. What is the units digit of l(w)?
5
Let g(u) = u**3 - 4*u**2 + 4*u - 25. Suppose 27 = 3*y - z, -7 - 8 = -3*y - 3*z. What is the units digit of g(y)?
3
Suppose -5*l - 38 + 8 = 0. Let o(y) = -y**3 + 3*y**2 + 3*y + 7. Let i be o(l). Suppose -5*v - m + 513 = -0*m, 2*m = 3*v - i. What is the tens digit of v?
0
Suppose 5*h = -2*n + 76969 - 17076, n = -4*h + 29957. What is the hundreds digit of n?
9
Let h = -387 - -465. Suppose h*t = 66*t + 6240. What is the hundreds digit of t?
5
Suppose 2*b - 1 = 3. Let d be b*(4 - 2)*2. What is the units digit of (16/4)/d + (-22)/(-4)?
6
Suppose 4753 = 58*d + 8*d - 59*d. What is the hundreds digit of d?
6
Suppose 48 = 182*b - 188*b. Let h(g) = -60*g + 121. What is the units digit of h(b)?
1
Let l be (-181)/(7 - (-595)/(-84)). Let j = l + -1536. What is the tens digit of j?
3
Suppose -3*s - 2*r = -713, -3*s - r - 466 = -5*s. Let v be (-24)/30*s/(-2). Let c = v + -48. What is the units digit of c?
6
Let a = -44 + 49. Suppose 4*j - 3 = -3*t, -t - 3 = -5*j - a*t. Suppose j*u - 4*o - 19 = -4, -2*u + 10 = -3*o. What is the units digit of u?
5
Suppose -55*u + 52*u + 9 = 0, 79719 = 2*q + 5*u. What is the thousands digit of q?
9
Suppose 121*y + 41628 = 126*y - 3*w, -5*y - 3*w = -41592. What is the tens digit of y?
2
Suppose 0*d - 7*d + 91 = 0. What is the tens digit of (d/6 - 2) + (-22408)/(-48)?
6
Let g(p) = p**2 + 13*p + 20. Let v be g(-12). Suppose 5*y - 8112 = -v*y. What is the tens digit of y?
2
Suppose 121 = -3*b - 5*a, -3*a - 39 = 2*b - b. Let p = 45 + b. What is the tens digit of (-4)/(-14) - p/(63/(-2472))?
1
Suppose 5*p - 604 = 4*u, -2*u = 3*p - 8*p + 312. Let m = 117 + u. Let o = 92 - m. What is the units digit of o?
1
Let v = 127 - 127. Suppose v = 4*r - 4*z - 2560, -5*z + 130 - 1416 = -2*r. What is the units digit of r?
8
Suppose r = j + 11, 4*r - 68 = r - 4*j. Suppose 1077 = r*p + 277. What is the tens digit of p?
5
Let x(b) = -11834*b - 15813. What is the thousands digit of x(-7)?
7
Let g = 59 + -61. What is the hundreds digit of g*(746/(-4) - 1)?
3
Let y(l) = -5*l**3 - 2*l + 3. Let d be y(1). What is the tens digit of 2 + (-10)/4 - 2146/d?
3
Let j be 2/(-12)*-20*12/5. Suppose 7232 = j*q + 2656. What is the hundreds digit of q?
5
Let n be (-6)/(-9)*(-45)/(-6). Suppose 0 = 4*q - m - 12, -4*q = -n*m + 3 + 1. Suppose q*c = -3*v + 766, -5*v - 732 = -3*c - 143. What is the tens digit of c?
9
Suppose 5*m - 24412 = 2*i + 60225, -4*m + 4*i + 67688 = 0. What is the thousands digit of m?
6
Let w = 251 - 253. Let v(q) = -277*q + 4. What is the units digit of v(w)?
8
Suppose -65*l + 8959 = -64*l + 3*b, 2*b - 26898 = -3*l. What is the thousands digit of l?
8
Let u = 1787 + -411. What is the tens digit of u - -5*9/45?
7
Suppose 5553 = 3*b + 2*i - 37, 0 = 2*b - 5*i - 3752. Suppose 1836 = 2*h + 2*m, -2*m = 2*h - 6*m - b. What is the units digit of h?
3
Let i(a) = 5 + 4 - a**2 - 2*a - a**3 + 0*a. Suppose -225*f - 11 = -223*f + p, -3*p - 8 = f. What is the tens digit of i(f)?
1
Let r(j) = 2*j + 25. Let g be r(-15). What is the units digit of 388*(((-50)/g)/(-5))/(-2)?
8
Suppose -5*q - 2*w + 15 = 3*w, 0 = -2*q + 4*w - 18. Let r be (-2)/(q - 2992/(-2996)). Suppose -10*k - 108 = -r. What is the tens digit of k?
3
Let k(f) = -23*f - 113. Suppose 6*x - x + 4 = 3*w, 3*w + 6 = 3*x. What is the tens digit of k(w)?
4
Let v = 1297 + 7609. What is the thousands digit of v?
8
Suppose 2*n + 4*c = 24, 5*n + 5*c - 16 = 24. Suppose -35 = -n*i + 417. Suppose a + 2*t - 89 = 0, a - 3*t = t + i. What is the tens digit of a?
9
Let t = -79 + 108. Suppose 24 = -5*c + t. Suppose c = 5*b - 4, 2*b = 5*s - 713. What is the tens digit of s?
4
Let u(w) = 21*w**2 + 9*w - 17. Let z be u(8). Suppose -8*y = -z - 841. Suppose -3*l = -50 - y. What is the units digit of l?
0
Let y = 784 - 438. Suppose 3*o + 0*o + 3 = 0, -o = 4*d - 31. Suppose -y = -d*j + 478. What is the tens digit of j?
0
Let s(z) = 10*z + 29*z + 14*z. Suppose 22*m + 45 = 67. What is the tens digit of s(m)?
5
Suppose -12*o = -20*o + 160. Suppose 22*q - 1062 = o*q. What is the units digit of q?
1
Suppose -32*p = -33*p + 74. Suppose -59 = -o + p. What is the units digit of o?
3
Suppose -1563 - 1133 = -4*u. What is 